Evaluate -53 + (110 - 2 - 147).
-92
What is -4 + -1 + -6 + 143 - (1 - (-23 + 25))?
133
What is the value of -2038 + 1997 + 2 + 83?
44
(-136 - (-54 - 58)) + -2 + 17
-9
6 - -71 - (122 + -56 + -44)
55
Calculate -27 - (-75 - -68 - 14).
-6
Evaluate (1 + 8 + -220 + 225 - -11) + 0.
25
Calculate -8 + -14 + 58 + -17.
19
What is the value of -146 + 164 + -1 + -67 + 10?
-40
Evaluate -26 + -32 - (-1 + -51).
-6
Evaluate -482 + 556 - (-8 + 71).
11
Calculate (116 - 277) + 232 + -137.
-66
Calculate 124 - (8 + -16 - (-2 - 2 - (-14 - -19))).
123
Evaluate 18 - (1263 + -1308 + 11 + -2 + 2).
52
Calculate (-1 - (3 + 4)) + 18 + -3 + -82.
-75
What is 0 + 49 - (185 - (188 - 27))?
25
Calculate 10 + (1 - 0) + (-189 - (458 - 573)).
-63
-21 + -2 + 1244 + -1225
-4
Evaluate (-2 + 15 - 2 - (-62 + 62)) + -7 + -1.
3
Evaluate 52 + 78 + -142 + 14 + 0.
2
Evaluate (-5 - 46 - -4) + 94 + -97.
-50
(-73 - -2 - 1) + (6 - 1)
-67
-53 - ((1 - -1 - 3) + 104 + -62 + -44)
-50
-146 + 10 + 31 + 58 + -73
-120
What is the value of (-15 - (-4 - -2)) + (-44 + 220 - 137)?
26
-14 + 2 + 37 - (99 + -136)
62
What is (-36 + 19 - (-113 + -7)) + -28 + 6?
81
Evaluate 31 + (-75 + 70 + -1 - (-5 + 0)).
30
5832 + -5765 + -1 + -114
-48
What is -23 + (-59 - 53) - -35?
-100
What is -18 - (-5 + 55 + -84)?
16
What is 64 - ((0 + 3 - -6) + -26 + 15)?
66
-2 - (-189 + 182 - (0 - 37)) - -14
-18
Evaluate -11 - 0 - ((8 - 5) + (67 - 46)).
-35
Evaluate 21 + (0 + 16 - (-368 - -382)).
23
Evaluate 82 - (-7 - ((-1 - -12) + 57 + -77 - -7)).
87
What is the value of -32 - (-1 + 0) - (58 + -39 - 6)?
-44
-67 - ((-60 - 8) + -89)
90
What is the value of -24 - 27 - -28 - -46 - (8 + 1)?
14
Evaluate -5 + 2 + (4 - 2) + (-3 + 3 - -2).
1
-20 + (-21 - (-122 + 4 + 7))
70
What is -19 + 37 - (29 - -8 - 18)?
-1
Calculate (-7 - -9) + (5 - -2) - (18 - 18 - 55).
64
(114 - 59) + -45 - (-25 + 6)
29
What is 157 + -114 + 49 + 13?
105
What is 20 + -1 + -7 + (-506 - -379)?
-115
What is 0 - -2 - (-15 + 26 + 11)?
-20
Evaluate -3 + 3 + (-8 - 0) + 7 + 13 + 3.
15
Evaluate 9 + (68 - (2 - 3)) + (-123 - -45 - -84).
84
Evaluate (-3 - (-56 - -69)) + 56.
40
-107 - -67 - (-14 - 4 - -39)
-61
What is the value of -65 + 76 + -43 - (-160 - 13)?
141
What is the value of (2 + -3 - -8 - (-490 + 496)) + -25?
-24
Evaluate -11 + (-14 - 0 - -14) + (9 - -24).
22
Evaluate (24 - 1 - -6) + -8 + (-39 + 20 - -22).
24
What is the value of (-3 - (7 + -23 + 7)) + (0 - 92)?
-86
What is the value of -40 + -4 + (35 - 44)?
-53
Evaluate -1 + -58 + -12 - (-11 + 31).
-91
Evaluate 6 + (23 - -20) + -44 + -1 + 6 + 63.
73
What is the value of (-18 - (-61 + 15)) + (-6 + 9 + -1 - -10)?
40
What is the value of 18 + 2 + -3 + -52 + 5?
-30
What is the value of -153 - (-12 + 9 + -26) - -31?
-93
Evaluate (-2 - 11) + 110 + -32 + -12.
53
What is the value of -5 + 6 + -3 + 104 + (2643 - 2628)?
117
Calculate (-94 - -38) + 36 + -10 + 1.
-29
Evaluate 33 + (18 - (36 - 52) - 73).
-6
Evaluate -54 + (22 + -4 - (8 - 6)).
-38
Calculate -28 + 30 - -7 - (2 - (-8 - -1)) - -46.
46
Evaluate -60 + (24 - -65) + -1 + 17.
45
What is (-6 - (58 - (-3 - -18))) + -4 + (2 - 12)?
-63
What is the value of 2 + -12 + 1 + (-32589 - -32562)?
-36
Evaluate 3 + -3 - -11 - (1 - (1 - 0)) - 45.
-34
Calculate 9 + (9 - 8) + 4 + (17 - 6).
25
What is the value of -11 - (-21 + 42 - -18)?
-50
(9881 - 9871) + (-3 + 50 - -1)
58
What is the value of (-2 - -6) + -14 + 1034 + -1014?
10
What is 26 - -1 - ((71 - 12) + 83) - (1 + 12)?
-128
Evaluate -43 + (-68 - -88) - 49.
-72
Evaluate -7 + (18 - (-7 + (3 - 2))) + (-26 - -18).
9
(-12 - (30 + 10)) + -116 + 116
-52
-68 - (-67 + 41 - 85)
43
2 - ((11 - (21 - 5)) + 5) - -12
14
Evaluate -33 - (8 + (-24 + 42 - 33)).
-26
87 + 27 + -35 - -19
98
Calculate -103 + -7 - -120 - (19 + 0).
-9
Evaluate 111 - (29 + -32 - (21 - 32)).
103
Evaluate 76 + (-67 - (-132 + 76)).
65
What is the value of 35 - (-32 + 24 + (10 - 17))?
50
What is the value of 27 + (-575 - -530 - (0 + -36))?
18
What is -62 + (-40 + 90 - 27)?
-39
Calculate (3 - (6 + -8)) + (9 + -17 + -3 - -2).
-4
What is 6 + (29 - 25) + 7?
17
-5244 - -5168 - (23 - (-2 + 3))
-98
Calculate (0 - -16) + (493 - 485) - (8 - -2).
14
(35 - 10 - 14) + -10 - (0 + (37 - -2))
-38
(-3 - (286 + -276)) + (-28 - 0)
-41
What is 3 + -4 - -1 - (-141 + 138) - (15 + -96)?
84
Evaluate 87 - (108 + -72 + 0).
51
What is the value of (0 - -2) + -1 + -26 - (-1416 + 1408)?
-17
-50 - ((23 - -23) + -42 - (10 - 1))
-45
Calculate 6 + 13 + -6 + (-7 - -4) + -82.
-72
What is the value of (0 - (-87 + 144)) + 106?
49
What is the value of -145 - -225 - (-9 - -77)?
12
Calculate 49 + -6 + (-13 - -30 - 11 - -9).
58
-38 + (182 + -140 - (-4 + 10)) - (-1 + -81)
80
What is the value of (11 - (44 + -8)) + (57 - -15)?
47
What is -4 + (11 - (-6 + -36 + 7)) + 3?
45
Calculate 0 + (4 - 8) - -117.
113
What is 24 + 6 + -3 + -3 + -6 + -12?
6
Calculate (-5 - -23 - (51 - 8)) + 28.
3
Calculate -87 + (10 - (-30 - -6)) + 16 + -2.
-39
What is the value of 11 + -22 + 26 + -12 + (-9 + 22 - 19)?
-3
What is the value of 36 - -17 - (-2 + -10 - (3 - 17))?
51
Calculate 2 + -7 + 0 + -4 + 5 - (-2 - 1).
-1
Evaluate 8 + 47 + -31 + (-30 - -2).
-4
Calculate -3 + (3 + (-3 - 5) + -6 - -25).
11
Evaluate -10 - 5 - ((-29 - 2) + -23).
39
What is -3 + -32 + 21 - -16 - (-16 + 7)?
11
What is the value of 12 + 0 + -32 + (73 - 38) - -25?
40
Calculate -2 + (5 - (13 + 3)) + (51 - -2).
40
What is -18 - (-8 + -19 + 10 - 1) - (-3 - 0)?
3
-10 + -12 + 0 - (35 + -54)
-3
Calculate -1 + -84 + (-12 + 46 - 25 - (5 + -5)).
-76
What is -14 + 63 + -34 + -19?
-4
-43 + -2 + 3 + 5 - (-1 + -19 + 11)
-28
What is -8 - -3 - (-661 + 746)?
-90
Calculate -60 - (-13 + -1 + -4 + -6).
-36
Calculate -25 + (-30 - -2) + 40.
-13
24 - -31 - 78 - (-52 - 3) - (-1 + 9)
24
Calculate 64 - (36 - (4 - 7)).
25
What is the value of 41 + -199 - -125 - ((8 - 1) + 2)?
-42
What is the value of -28 + -1 - (-97 - (334 - 408))?
-6
What is (-14 - -5 - -13) + (1 - 3) - 10?
-8
What is the value of -68 - (-8 + (-40 - -17))?
-37
What is the value of -200 + (-16 - (-140 + 13))?
-89
What is the value of (-26 - (-2 + -2 - (-63 + 51))) + 3?
-31
What is the value of 4 + -22 - -2 - (-558 - -546)?
-4
36 - (43 - 35 - 11)
39
What is the value of -214 + (-22 - (-106 + -16))?
-114
What is the value of 159 - 139 - (7 + 37)?
-24
What is (52 - (0 - -12) - -1 - -2) + -10?
33
What is the value of 58 - (19 - -3) - (168 + -108)?
-24
-1157 + 1159 - (-12 - 0 - -2) - 10
2
What is -18 - (0 - 13) - (5 + -4 + -4) - 32?
-34
What is the value of 5 + (0 - 7) - (45 + (8 - (0 - -3)))?
-52
Calculate -3 + (-7 - -1) + 18 + 6 + -7.
8
Evaluate 16 - (33 - (116 - 84)).
15
Evaluate -5 - (-100 + (-9 - (-19 - (-20 + (4 - -7))))).
94
28 + (1 - 3 - 8) - 7 - -70 - 3
78
What is the value of -3 - (1 - 6) - (-3226 - -3209)?
19
What is the value of 26 + 2 + 3 - (62 + (-106 - -54))?
21
What is the value of -31 - 2 - (-2 + 4 + (18 - 10))?
-43
What is the value of 3 + -7 + -6 + 2 - (-896 - -957)?
-69
What is -2 - (-1598 + 1531 + (2 - (19 - 0)))?
82
What is the value of 815 - 748 - (47 + 4)?
16
Calculate -1681 + 1635 + 1 + -2.
-47
What is the value of -79 - (-27 - -19) - -11 - (-1 - (-1 + 2))?
-58
What is the value of (-27 - -5) + 14 + -8 + -13?
-29
Evaluate 92 + -87 + (42 - -34) + (-1 - (-26 - -1)).
105
What is the value of 45 + -10 + 12 - (210 + -197)?
34
What is (6 + 5 - (-7 + 2 + 28)) + 35?
23
Evaluate 78 + -34 - (52 - -23).
-31
Evaluate (-10 - 27) + -25 + 14 + (6 - 0).
-42
Evaluate (-136 - -178) + 10 + 2 + (-1 - 0).
53
What is the value of 12 + (2 - (-4 - -2) - (-30 + 24))?
22
What is -3 + -88 + (-1149 - -1221)?
-19
Evaluate (-1461 - -1501) + -2 + -58.
-20
Evaluate -1 + 7 - (-2 + 69 - 65).
4
What is the value of 25 - -21 - (56 + 15)?
-25
-17 - (42 + -62) - (-1 - 6 - 29)
39
Evaluate 74 - (21 + 27 + -15).
41
What is the value of -97 + 46 + ((-6 - -9) + -9 - -22)?
-35
What is the value of 1 + 17 - (-4 - (9 - 57))?
-26
-52 - (20 - 35) - (-13 - 4) - -129
109
Evaluate 23 + (-342 - -343 - (0 - 25)).
49
Evaluate 1120 - 1154 - ((-4 - -1) + 17).
-48
Calculate -4 + (-59 - -18) + 21 + 22.
-2
What is (-13 - 1) + (-19 + -55 + 44 - -34)?
-10
Evaluate (14 - 11) + (3 + 9 - 1) + 14.
28
Calculate (47 - (-55 + (6 - -97))) + 1 + -44 + -1.
-45
What is the value of (19 - 1) + -48 - -33 - (0 - -52)?
-49
What is the value of (-8 - (-14 + 0)) + (-21 - (-20 + 9 - -24))?
-2